ist the prime factors of v(-11).
2, 3
Suppose 0*j + 31 = -j + y, 1 = y. Let i = -21 - j. List the prime factors of i.
3
Suppose p - 7*p + 48 = 0. Let d(u) = 5*u - 19. List the prime factors of d(p).
3, 7
Let p(u) = 2*u - 10. Suppose 21 = -0*a + 3*a. Let s be p(a). Suppose -3*l = 4*v - 34, 4*l = 5*l + s*v - 14. List the prime factors of l.
2, 5
List the prime factors of (-1 - 0)/(6/(-810)).
3, 5
Suppose 83*s - 79*s = 192. List the prime factors of s.
2, 3
Let q(o) = o**2 - 1. Let p = 5 + -1. Suppose -2*l - 2 = 0, -5 = -4*r - p*l - 1. List the prime factors of q(r).
3
Let h be (-4 - -2)*3/(-3). Suppose -h*v = 3*n + 18 + 11, v + 4 = 0. Let y = -5 - n. What are the prime factors of y?
2
Suppose 0 = 4*j - 2*j - 30. Let v = j - 10. List the prime factors of v.
5
Let r = 14 + -8. Let g = -8 + r. List the prime factors of 2 - (g - (0 - 2)).
2
Let h(j) = -7*j + 5. Let p(z) = z**3 + 9*z**2 + 10*z + 1. Let i be p(-8). Let u(m) = -3*m + 2. Let k(s) = i*u(s) + 6*h(s). List the prime factors of k(1).
3
What are the prime factors of (-15)/(-2)*144/20?
2, 3
Suppose a - 50 = -0*a. Suppose 4*i + 5*n = 148, i - 3*n - a = -n. What are the prime factors of i?
2, 3, 7
Let u = -4 - -14. Suppose -2*a - 2*y + y + u = 0, -y - 25 = -3*a. List the prime factors of a.
7
Let o be 0 - (-2 + (-4)/(-2)). Let v be o/((2 - 6)/2). Let d = v + 8. What are the prime factors of d?
2
Let d(t) = -3*t**3. Let a be (-16)/(-4) + -1*2. Let k be d(a). Let s = k - -35. List the prime factors of s.
11
Let i be (-8)/(-24) - (-2)/3. Suppose 0 = 2*y + i - 7. Suppose -h + y*h = 32. List the prime factors of h.
2
Suppose 502 = 2*w + 2*w + 2*x, 3*x = -w + 133. What are the prime factors of w?
2, 31
Suppose -4*g - 364 = -4*p, -2*p - p + 4*g + 268 = 0. List the prime factors of p.
2, 3
Let q = -12 - -275. List the prime factors of q.
263
Let q = -9 - -9. Suppose -b + q*b = -2*m + 4, 20 = 3*m + 2*b. Let d = m + 2. List the prime factors of d.
2, 3
Let p be (-34)/(-9) + 2/9. Let r(h) = -h**3 + 3*h**2 + 4*h. Let b be r(p). Suppose -4*v = q - 12, -5*v + 8*q - 3*q + 40 = b. List the prime factors of v.
2
What are the prime factors of (-4)/6 + (-860)/(-12)?
71
Let t(i) = 9*i**2 + 3*i + 13. Let g(n) = 5*n**2 + 2*n + 7. Let d(m) = -7*g(m) + 4*t(m). Let c = 5 - 2. What are the prime factors of d(c)?
2, 3
Suppose 3*q - 2*g = 27, -4*q = -0*g - 4*g - 32. What are the prime factors of q?
11
Let n be (-4 - (0 - 1))*-1. Let v be 0 - 3/n - -5. Suppose 2*f - v - 2 = 0. List the prime factors of f.
3
Let r(h) be the first derivative of -h**4/12 + 7*h**3/6 + 3*h**2/2 + 5*h + 2. Let q(x) be the first derivative of r(x). What are the prime factors of q(4)?
3, 5
Suppose 0 = -6*a + a + 525. What are the prime factors of a?
3, 5, 7
Suppose -574 = -2*k + 5*o, 4*k - 974 = -o + 152. What are the prime factors of k?
2, 3, 47
Let y = -1 - -2. List the prime factors of (4 - 3)/y*2.
2
Let y(m) = 3*m**2 - m. Let a be y(1). Let u be (-10)/(-6) - a/(-6). Suppose -2*r = -f - 36, u*r - 32 = 2*f + 8. List the prime factors of r.
2
Let l be (-426)/(-15) - (-4)/(-10). Suppose -5*n - l = 2. Let h = 10 + n. What are the prime factors of h?
2
Let b be (8/(-3))/(-4)*-3. Let s(j) be the second derivative of -j**5/10 - j**4/6 - j**3/6 - j**2 - 8*j. What are the prime factors of s(b)?
2
Let p(s) be the third derivative of s**5/60 - s**4/8 + s**3/6 - 2*s**2. List the prime factors of p(5).
11
Suppose -381 + 7 = -2*g. What are the prime factors of g?
11, 17
Let p = -9 - -72. What are the prime factors of p?
3, 7
Suppose 3*a = a - 8. Let l(s) = s - 1. Let x(j) = -6*j + 3. Let v(z) = 10*l(z) + 2*x(z). What are the prime factors of v(a)?
2
Let v be 12/(-9)*(-66)/(-4). Let o = v - -48. What are the prime factors of o?
2, 13
Suppose 3*r - 110 - 58 = 0. What are the prime factors of r?
2, 7
Suppose 31 = -2*j + 3*b, 17 + 15 = -2*j + 4*b. Let i = j + 20. List the prime factors of i.
2, 3
Let w = -21 - -57. What are the prime factors of w?
2, 3
Let b(r) = r**3 + 8*r**2 + 4*r - 4. Suppose 24 = -6*i - 0. What are the prime factors of b(i)?
2, 11
Suppose -12 = d + 4*s, -s - 4*s - 8 = 3*d. List the prime factors of d.
2
What are the prime factors of (-420)/(-2) - (9/3 + 0)?
3, 23
Let r(p) be the third derivative of -p**5/60 + p**4/6 + p**3/2 - 2*p**2. Let s be r(4). Suppose 11 + 1 = s*j. What are the prime factors of j?
2
Suppose -2*k + 427 = d, 0*k - 3*d + 211 = k. List the prime factors of k.
2, 107
Let l(j) = 4*j**2 + 3*j. Suppose 3*i = 7*i + 12. List the prime factors of l(i).
3
Let x(d) = d**2 - 9*d + 11. List the prime factors of x(12).
47
Suppose 3 = 5*c - 8*c - u, 2*u = 0. Let b be c - 0 - -5*2. Let t = b + -5. What are the prime factors of t?
2
Suppose 0 = 6*z - z. Suppose -5*d = -z*d - 55. What are the prime factors of d?
11
Let v(f) be the second derivative of -f**5/20 + f**4/3 + 5*f**3/6 - 5*f**2/2 - 2*f. Let c be v(4). Suppose 0 = 4*u + u - c. List the prime factors of u.
3
Suppose -24 = -2*s + 14. What are the prime factors of s?
19
Let g(c) = c**3 - c**2 + 2. Let y be g(0). Suppose y*o = -0 - 2. What are the prime factors of ((-12)/(-20))/(o/(-5))?
3
Let k = 8 - -1. List the prime factors of k.
3
Suppose -8 = -q - 3*q. Suppose -q*u + 10 = 2. Suppose 5*n + u*g = n + 24, -2*n = -3*g - 12. What are the prime factors of n?
2, 3
What are the prime factors of (-76)/(-5) + (-1)/5?
3, 5
Let q(l) = l**2 + 8*l + 2. Let o be q(-7). Let d(k) = k**3 + 5*k**2 - 2*k + 4. What are the prime factors of d(o)?
2, 7
Let n be 43/5 + 4/10. Let d = -3 + n. Let m(i) = -i**2 + 7*i + 8. What are the prime factors of m(d)?
2, 7
Let f(c) = -2*c**2 + 8*c + 5. Let s(g) = -g**2 + 4*g + 2. Let q(t) = -2*f(t) + 5*s(t). Let p be q(3). Suppose 10 = -p*z + 40. What are the prime factors of z?
2, 5
Let x(q) = 3 + 1 + 2*q**2 + 5*q - 2. Let c be x(-3). Suppose -2*p = -0*l + 3*l - 24, -l - 5*p - c = 0. What are the prime factors of l?
2, 5
Let b(d) = d**2 - 2*d. Let a be b(-2). Let k(o) = 13*o + 23. Let j(v) = -6*v - 11. Let y(w) = -9*j(w) - 4*k(w). What are the prime factors of y(a)?
23
Let z(l) = l**3 - 4*l**2 + 2*l - 4. Let p be z(4). Suppose -2*u + 61 = -p*s - 17, -s = 5*u - 151. What are the prime factors of u?
31
Let x(g) = 2*g**2 + g**3 + g**2 + 4*g - 2*g**3 - 7*g**2. Let z be x(-5). Suppose 7 = 2*b - z. List the prime factors of b.
2, 3
Suppose 0*a - 402 = -2*a. List the prime factors of a.
3, 67
Suppose -4*m - 70 = -4*k + k, 94 = 4*k - 5*m. Suppose -4*c - 6 = -k. Suppose 5*u + f - 18 = c*f, -4*u - 3*f + 33 = 0. What are the prime factors of u?
2, 3
Suppose -3*o = -2*o - 4. Suppose o*c - 12 = 3*p - 52, -3*p - 3*c = -33. List the prime factors of p.
2, 3
Let w(g) = -2*g. Let o(b) = b + 3. Let j be o(-2). Suppose -m + j - 2 = 0. What are the prime factors of w(m)?
2
Suppose -v = r - 39 + 2, -2*r - 4*v = -84. What are the prime factors of r?
2
Let y = 584 + -410. List the prime factors of y.
2, 3, 29
Suppose 32*g + 78 = 34*g. What are the prime factors of g?
3, 13
Let i = -297 - -420. What are the prime factors of (-1)/((-6)/i)*2?
41
Let g be (-33 - -2)*(-1 + 2). Let k = 80 + g. Let r = -27 + k. What are the prime factors of r?
2, 11
Suppose 4*k + 52 + 248 = 2*o, -3*o = 2*k - 426. What are the prime factors of o?
2, 3
Let m(b) = b**2 + 5*b - 1. List the prime factors of m(-11).
5, 13
Let u = 6 - -58. List the prime factors of u.
2
Let c(r) = 39*r**2 + 3*r + 5. What are the prime factors of c(-2)?
5, 31
List the prime factors of 140/3 + (-8)/12.
2, 23
Suppose 3*a + 20 = 2*q, 4*a + 8 = -0*q - 2*q. Suppose 0 = -2*k + q*k + 12. Let p(z) = z**3 + 5*z**2 - 8*z - 1. What are the prime factors of p(k)?
11
Let r(s) = s + 10. Let t be r(-8). Suppose 5*v - 127 = -t. Suppose v = 4*a - 7. List the prime factors of a.
2
Let k = 92 - -161. What are the prime factors of k?
11, 23
Let g = -9 - -11. Suppose -2*n = 2*n - g*m - 32, -5*m = n + 14. What are the prime factors of n?
2, 3
Suppose 0 = -2*n - 2*n - 2*g + 44, -4*n + 2*g = -52. What are the prime factors of n?
2, 3
Suppose -4*r + 125 = r. List the prime factors of r.
5
Let u(x) = -x**2 - 19*x - 15. What are the prime factors of u(-10)?
3, 5
Suppose 2*l = -l + 9. Suppose 5*n - 19 = -l*d + 29, -16 = -n + d. What are the prime factors of n?
2, 3
Let a(y) = -y**2 - 3*y + 3. Let d be a(-3). Let u(c) = -c**3 - 3*c**2 + 5*c + 4. Let j be u(-